{"id":3,"date":"2026-01-05T10:17:39","date_gmt":"2026-01-05T10:17:39","guid":{"rendered":"http:\/\/www.emiliepinelcaron.com\/?page_id=3"},"modified":"2026-01-07T13:55:41","modified_gmt":"2026-01-07T13:55:41","slug":"mentions-legales","status":"publish","type":"page","link":"https:\/\/www.emiliepinelcaron.com\/index.php\/mentions-legales\/","title":{"rendered":"Mentions l\u00e9gales"},"content":{"rendered":"\n<p>Ce site a \u00e9t\u00e9 d\u00e9velopp\u00e9 pour Carel immatricul\u00e9e au RCS Bordeaux 524 091 543 00065.<br><br>Directeur de la Publication : Emilie Pinel Caron<br>H\u00e9bergement : OVH<br>Cr\u00e9dit photos : <a href=\"https:\/\/www.art6sens.com\" target=\"_blank\" rel=\"noreferrer noopener\">Art6sens<\/a> &#8211; Fotolia \u2013 Pixabay \u2013 Carel<br>Conception\/r\u00e9alisation : Carel<br><br>Carel est heureuse de vous accueillir sur son site Internet accessible \u00e0 l\u2019adresse URL suivante :\u00a0<a href=\"https:\/\/www.emiliepinelcaron.com\/\">www.emiliepinelcaron.com<\/a>\u00a0.<br>L\u2019utilisation du Site vaut acceptation des conditions. En cons\u00e9quence, en acc\u00e9dant au Site, tout internaute naviguant sur le Site s\u2019engage \u00e0 se conformer et \u00e0 respecter les r\u00e8gles d\u00e9finies.<\/p>\n\n\n\n<h2 class=\"wp-block-heading\"><strong>Conditions d\u2019utilisation<\/strong><\/h2>\n\n\n\n<h4 class=\"wp-block-heading\">A. Droit de propri\u00e9t\u00e9 intellectuelle du Site<\/h4>\n\n\n\n<p>Le Site cr\u00e9\u00e9 par Carel est une \u0153uvre de l\u2019esprit prot\u00e9g\u00e9e par le droit de la propri\u00e9t\u00e9 intellectuelle. Le Site et chacun des \u00e9l\u00e9ments qui le composent (tels que marques, logos, photographies, images, illustrations, textes, clips vid\u00e9o\u2026) sont la propri\u00e9t\u00e9 exclusive de notre client, seul habilit\u00e9 \u00e0 utiliser les droits de la propri\u00e9t\u00e9 intellectuelle et droits de la personnalit\u00e9 y aff\u00e8rent, celui-ci ne conc\u00e9dant aucune licence, ni aucun autre droit que celui de consulter le Site.<br>La reproduction de tous documents publi\u00e9s sur le Site est seulement autoris\u00e9e aux fins exclusives d\u2019information pour un usage strictement personnel et priv\u00e9. Toute reproduction et\/ou repr\u00e9sentation, int\u00e9grale ou partielle, du Site, ou de l\u2019un quelconque des \u00e9l\u00e9ments qui le composent, sur quelque support que ce soit, \u00e0 d\u2019autres fins, et notamment commerciales, est express\u00e9ment interdite.<br>A l\u2019exception des circonstances ci-dessus vis\u00e9es, toute autre reproduction et\/ou repr\u00e9sentation du Site devra faire l\u2019objet d\u2019une autorisation expresse et pr\u00e9alable de notre client. A cette fin, toute demande d\u2019autorisation doit \u00eatre adress\u00e9e par courrier au si\u00e8ge social de notre client.<br>Toute utilisation non autoris\u00e9e constitue une contrefa\u00e7on sanctionn\u00e9e p\u00e9nalement.<br>De m\u00eame, la cr\u00e9ation de liens hypertextes vers le Site ne peut \u00eatre faite qu\u2019avec l\u2019autorisation \u00e9crite et pr\u00e9alable de notre client. Notre client d\u00e9cline toute responsabilit\u00e9 concernant le contenu, la publicit\u00e9, les produits ou les services disponibles sur ou \u00e0 partir des sites li\u00e9s au Site.<br>En outre, l\u2019ensemble des marques cit\u00e9es dans le Site sont des marques d\u00e9pos\u00e9es et donc prot\u00e9g\u00e9es. Toute utilisation de l\u2019une quelconque des dites marques ne peut \u00eatre faite sans le consentement pr\u00e9alable, expr\u00e8s et \u00e9crit de notre client, sous peine de contrefa\u00e7on.<br>Par ailleurs, sauf accord expr\u00e8s et \u00e9crit de notre client, l\u2019utilisateur n\u2019est pas autoris\u00e9 \u00e0 placer sur son propre site Internet un lien hypertexte pointant vers le Site et\/ou vers les pages qu\u2019il contient.<br>Toute demande d\u2019autorisation doit \u00eatre adress\u00e9e par courrier au si\u00e8ge social de notre client.<br>Toute utilisation du Site non autoris\u00e9e dans les conditions vis\u00e9es aux pr\u00e9sentes constitue une contrefa\u00e7on sanctionn\u00e9e p\u00e9nalement.<\/p>\n\n\n\n<h4 class=\"wp-block-heading\">B. Donn\u00e9es personnelles<\/h4>\n\n\n\n<p>Notre client pourra \u00eatre amen\u00e9 \u00e0 collecter des donn\u00e9es \u00e0 caract\u00e8re personnel concernant l\u2019utilisateur, et ce dans le respect des dispositions de la Loi n\u00b078-17 du 6 janvier 1978 modifi\u00e9e, relative \u00e0 l\u2019informatique, aux fichiers et aux libert\u00e9s.<br>A ce titre, conform\u00e9ment aux dispositions de la Loi n\u00b078-17 du 6 janvier 1978 modifi\u00e9e, relative \u00e0 l\u2019informatique, aux fichiers et aux libert\u00e9s, l\u2019utilisateur est d\u2019ores et d\u00e9j\u00e0 inform\u00e9 qu\u2019il dispose d\u2019un droit d\u2019acc\u00e8s, d\u2019opposition, de rectification et de radiation des donn\u00e9es le concernant. Pour exercer ses droits, l\u2019utilisateur doit en faire la demande par courrier \u00e9lectronique aupr\u00e8s de notre client.<br>Notre client s\u2019engage \u00e0 pr\u00e9server la confidentialit\u00e9 des donn\u00e9es \u00e0 caract\u00e8re personnel qui, le cas \u00e9ch\u00e9ant, viendraient \u00e0 \u00eatre transmises par l\u2019utilisateur \u00e0 notre client dans le cadre de l\u2019utilisation du Site.<\/p>\n\n\n\n<h4 class=\"wp-block-heading\"><strong>C. Utilisation du Site<\/strong><\/h4>\n\n\n\n<p>a. Acc\u00e8s au Site<br>Notre client s\u2019efforce de maintenir le Site accessible, sans pour autant \u00eatre tenu \u00e0 aucune obligation d\u2019y parvenir. Il est pr\u00e9cis\u00e9 qu\u2019\u00e0 des fins de maintenance, de mise \u00e0 jour, ou pour toute autre raison, notamment d\u2019ordre technique, l\u2019acc\u00e8s au Site pourra \u00eatre interrompu. Notre client n\u2019est en aucun cas responsable de ces interruptions et des cons\u00e9quences qui peuvent en d\u00e9couler pour l\u2019utilisateur. En tout \u00e9tat de cause, notre client s\u2019efforce de proposer un contenu et des services de qualit\u00e9, performants et adapt\u00e9s aux syst\u00e8mes informatiques standards sur le march\u00e9. Cependant, notre client ne garantit pas que ceux-ci soient exempts d\u2019erreurs, de d\u00e9fauts ou de vices de conception qui rendraient leur utilisation et\/ou installation impossible. Notre client ne saurait \u00eatre tenu pour responsable des cons\u00e9quences, directes ou indirectes et\/ou de tout dommage caus\u00e9 par une d\u00e9fectuosit\u00e9 et\/ou par le piratage de ces programmes.<br>b. Utilisation du contenu du Site<br>Notre client s\u2019efforce de mettre \u00e0 jour le contenu du Site et de d\u00e9livrer aux Utilisateurs des informations exactes. N\u00e9anmoins, l\u2019utilisateur reconnait que les transmissions de donn\u00e9es et d\u2019informations sur Internet ne b\u00e9n\u00e9ficient que d\u2019une fiabilit\u00e9 technique relative, celles-ci circulant sur des r\u00e9seaux de nature tr\u00e8s h\u00e9t\u00e9rog\u00e8ne. D\u00e8s lors, notre client ne peut garantir l\u2019exactitude des donn\u00e9es figurant sur le Site. Toute erreur ou omission devra \u00eatre notifi\u00e9e \u00e0 l\u2019adresse e-mail de notre client. Toute utilisation du Site non conforme \u00e0 son esprit original et toute violation des pr\u00e9sentes stipulations pourront donner lieu \u00e0 l\u2019application des peines p\u00e9nales et civiles pr\u00e9vues par la loi.<br>c. Liens hypertextes mis en place sur le Site<br>Les liens hypertextes mis en place sur le Site peuvent conduire l\u2019utilisateur sur les sites Internet de diff\u00e9rents partenaires. Il est pr\u00e9cis\u00e9 que notre client n\u2019a pas v\u00e9rifi\u00e9 tous les sites \u00e9ventuellement reli\u00e9s au sien, leur contenu et les informations qui y sont pr\u00e9sentes, et d\u00e9cline par cons\u00e9quent toute responsabilit\u00e9 sur le contenu de ces sites et sur l\u2019utilisation qui en est faite par l\u2019utilisateur. Le recours \u00e0 ces sites par l\u2019utilisateur rel\u00e8ve de la seule responsabilit\u00e9 de ce dernier.<br>d. Utilisation de cookies<br>Le Site utilise des cookies. Les cookies sont des petits fichiers qui sont d\u00e9pos\u00e9s sur l\u2019ordinateur de l\u2019utilisateur. Ils enregistrent des informations relatives \u00e0 la navigation de l\u2019utilisateur sur le Site (telles que les pages consult\u00e9es, la date et l\u2019heure de consultation), pouvant \u00eatre lues lors des visites ult\u00e9rieures de l\u2019utilisateur sur le Site, et ce dans le seul but de faciliter sa navigation sur le Site et de personnaliser le service qui lui est propos\u00e9. Pour b\u00e9n\u00e9ficier de l\u2019ensemble des fonctionnalit\u00e9s du Site, il est pr\u00e9f\u00e9rable de param\u00e9trer le navigateur pour qu\u2019il accepte les cookies. Les cookies du Site ne contiennent pas de donn\u00e9es permettant de vous identifier personnellement, et sont con\u00e7us pour \u00eatre utilis\u00e9s uniquement par notre client. Toutefois, nous vous informons que vous pouvez vous opposer \u00e2 l\u2019enregistrement de ces \u00ab cookies \u00bb en configurant votre ordinateur selon les modalit\u00e9s d\u00e9taill\u00e9es sur le site http:\/\/www.cnil.fr<\/p>\n\n\n\n<h4 class=\"wp-block-heading\"><strong>D. Modification des conditions g\u00e9n\u00e9rales d\u2019utilisation<\/strong><\/h4>\n\n\n\n<p>Notre client conserve la possibilit\u00e9 de modifier \u00e0 tout moment les pr\u00e9sentes conditions g\u00e9n\u00e9rales d\u2019utilisation du Site, notamment afin de respecter toute nouvelle r\u00e8glementation ou l\u00e9gislation et\/ou afin d\u2019am\u00e9liorer la consultation du Site par l\u2019utilisateur. Toute modification aff\u00e9rente \u00e0 l\u2019utilisation du Site sera int\u00e9gr\u00e9e dans les pr\u00e9sentes conditions g\u00e9n\u00e9rales d\u2019utilisation.<\/p>\n","protected":false},"excerpt":{"rendered":"<p>Ce site a \u00e9t\u00e9 d\u00e9velopp\u00e9 pour Carel immatricul\u00e9e au RCS Bordeaux 524 091 543 00065. Directeur de la Publication : Emilie Pinel CaronH\u00e9bergement : OVHCr\u00e9dit photos : Art6sens &#8211; Fotolia \u2013 Pixabay \u2013 CarelConception\/r\u00e9alisation : Carel Carel est heureuse de vous accueillir sur son site Internet accessible \u00e0 l\u2019adresse URL suivante :\u00a0www.emiliepinelcaron.com\u00a0.L\u2019utilisation du Site vaut [&hellip;]<\/p>\n","protected":false},"author":1,"featured_media":0,"parent":0,"menu_order":0,"comment_status":"closed","ping_status":"open","template":"templates\/template-full-width.php","meta":{"footnotes":""},"class_list":["post-3","page","type-page","status-publish","hentry"],"yoast_head":"<!-- This site is optimized with the Yoast SEO plugin v26.7 - https:\/\/yoast.com\/wordpress\/plugins\/seo\/ -->\n<title>Mentions l\u00e9gales - Emilie Pinel Caron<\/title>\n<meta name=\"robots\" content=\"index, follow, max-snippet:-1, max-image-preview:large, max-video-preview:-1\" \/>\n<link rel=\"canonical\" href=\"https:\/\/www.emiliepinelcaron.com\/index.php\/mentions-legales\/\" \/>\n<meta property=\"og:locale\" content=\"fr_FR\" \/>\n<meta property=\"og:type\" content=\"article\" \/>\n<meta property=\"og:title\" content=\"Mentions l\u00e9gales - Emilie Pinel Caron\" \/>\n<meta property=\"og:description\" content=\"Ce site a \u00e9t\u00e9 d\u00e9velopp\u00e9 pour Carel immatricul\u00e9e au RCS Bordeaux 524 091 543 00065. Directeur de la Publication : Emilie Pinel CaronH\u00e9bergement : OVHCr\u00e9dit photos : Art6sens &#8211; Fotolia \u2013 Pixabay \u2013 CarelConception\/r\u00e9alisation : Carel Carel est heureuse de vous accueillir sur son site Internet accessible \u00e0 l\u2019adresse URL suivante :\u00a0www.emiliepinelcaron.com\u00a0.L\u2019utilisation du Site vaut [&hellip;]\" \/>\n<meta property=\"og:url\" content=\"https:\/\/www.emiliepinelcaron.com\/index.php\/mentions-legales\/\" \/>\n<meta property=\"og:site_name\" content=\"Emilie Pinel Caron\" \/>\n<meta property=\"article:modified_time\" content=\"2026-01-07T13:55:41+00:00\" \/>\n<meta name=\"twitter:card\" content=\"summary_large_image\" \/>\n<meta name=\"twitter:label1\" content=\"Dur\u00e9e de lecture estim\u00e9e\" \/>\n\t<meta name=\"twitter:data1\" content=\"6 minutes\" \/>\n<script type=\"application\/ld+json\" class=\"yoast-schema-graph\">{\"@context\":\"https:\/\/schema.org\",\"@graph\":[{\"@type\":\"WebPage\",\"@id\":\"https:\/\/www.emiliepinelcaron.com\/index.php\/mentions-legales\/\",\"url\":\"https:\/\/www.emiliepinelcaron.com\/index.php\/mentions-legales\/\",\"name\":\"Mentions l\u00e9gales - Emilie Pinel Caron\",\"isPartOf\":{\"@id\":\"https:\/\/www.emiliepinelcaron.com\/#website\"},\"datePublished\":\"2026-01-05T10:17:39+00:00\",\"dateModified\":\"2026-01-07T13:55:41+00:00\",\"breadcrumb\":{\"@id\":\"https:\/\/www.emiliepinelcaron.com\/index.php\/mentions-legales\/#breadcrumb\"},\"inLanguage\":\"fr-FR\",\"potentialAction\":[{\"@type\":\"ReadAction\",\"target\":[\"https:\/\/www.emiliepinelcaron.com\/index.php\/mentions-legales\/\"]}]},{\"@type\":\"BreadcrumbList\",\"@id\":\"https:\/\/www.emiliepinelcaron.com\/index.php\/mentions-legales\/#breadcrumb\",\"itemListElement\":[{\"@type\":\"ListItem\",\"position\":1,\"name\":\"Accueil\",\"item\":\"https:\/\/www.emiliepinelcaron.com\/\"},{\"@type\":\"ListItem\",\"position\":2,\"name\":\"Mentions l\u00e9gales\"}]},{\"@type\":\"WebSite\",\"@id\":\"https:\/\/www.emiliepinelcaron.com\/#website\",\"url\":\"https:\/\/www.emiliepinelcaron.com\/\",\"name\":\"Emilie Pinel Caron\",\"description\":\"\",\"publisher\":{\"@id\":\"https:\/\/www.emiliepinelcaron.com\/#organization\"},\"potentialAction\":[{\"@type\":\"SearchAction\",\"target\":{\"@type\":\"EntryPoint\",\"urlTemplate\":\"https:\/\/www.emiliepinelcaron.com\/?s={search_term_string}\"},\"query-input\":{\"@type\":\"PropertyValueSpecification\",\"valueRequired\":true,\"valueName\":\"search_term_string\"}}],\"inLanguage\":\"fr-FR\"},{\"@type\":\"Organization\",\"@id\":\"https:\/\/www.emiliepinelcaron.com\/#organization\",\"name\":\"Emilie Pinel Caron\",\"url\":\"https:\/\/www.emiliepinelcaron.com\/\",\"logo\":{\"@type\":\"ImageObject\",\"inLanguage\":\"fr-FR\",\"@id\":\"https:\/\/www.emiliepinelcaron.com\/#\/schema\/logo\/image\/\",\"url\":\"https:\/\/www.emiliepinelcaron.com\/wp-content\/uploads\/2026\/01\/Capture-decran-2026-01-14-a-14.31.41-e1768397624735.png\",\"contentUrl\":\"https:\/\/www.emiliepinelcaron.com\/wp-content\/uploads\/2026\/01\/Capture-decran-2026-01-14-a-14.31.41-e1768397624735.png\",\"width\":1110,\"height\":422,\"caption\":\"Emilie Pinel Caron\"},\"image\":{\"@id\":\"https:\/\/www.emiliepinelcaron.com\/#\/schema\/logo\/image\/\"}}]}<\/script>\n<!-- \/ Yoast SEO plugin. -->","yoast_head_json":{"title":"Mentions l\u00e9gales - Emilie Pinel Caron","robots":{"index":"index","follow":"follow","max-snippet":"max-snippet:-1","max-image-preview":"max-image-preview:large","max-video-preview":"max-video-preview:-1"},"canonical":"https:\/\/www.emiliepinelcaron.com\/index.php\/mentions-legales\/","og_locale":"fr_FR","og_type":"article","og_title":"Mentions l\u00e9gales - Emilie Pinel Caron","og_description":"Ce site a \u00e9t\u00e9 d\u00e9velopp\u00e9 pour Carel immatricul\u00e9e au RCS Bordeaux 524 091 543 00065. Directeur de la Publication : Emilie Pinel CaronH\u00e9bergement : OVHCr\u00e9dit photos : Art6sens &#8211; Fotolia \u2013 Pixabay \u2013 CarelConception\/r\u00e9alisation : Carel Carel est heureuse de vous accueillir sur son site Internet accessible \u00e0 l\u2019adresse URL suivante :\u00a0www.emiliepinelcaron.com\u00a0.L\u2019utilisation du Site vaut [&hellip;]","og_url":"https:\/\/www.emiliepinelcaron.com\/index.php\/mentions-legales\/","og_site_name":"Emilie Pinel Caron","article_modified_time":"2026-01-07T13:55:41+00:00","twitter_card":"summary_large_image","twitter_misc":{"Dur\u00e9e de lecture estim\u00e9e":"6 minutes"},"schema":{"@context":"https:\/\/schema.org","@graph":[{"@type":"WebPage","@id":"https:\/\/www.emiliepinelcaron.com\/index.php\/mentions-legales\/","url":"https:\/\/www.emiliepinelcaron.com\/index.php\/mentions-legales\/","name":"Mentions l\u00e9gales - Emilie Pinel Caron","isPartOf":{"@id":"https:\/\/www.emiliepinelcaron.com\/#website"},"datePublished":"2026-01-05T10:17:39+00:00","dateModified":"2026-01-07T13:55:41+00:00","breadcrumb":{"@id":"https:\/\/www.emiliepinelcaron.com\/index.php\/mentions-legales\/#breadcrumb"},"inLanguage":"fr-FR","potentialAction":[{"@type":"ReadAction","target":["https:\/\/www.emiliepinelcaron.com\/index.php\/mentions-legales\/"]}]},{"@type":"BreadcrumbList","@id":"https:\/\/www.emiliepinelcaron.com\/index.php\/mentions-legales\/#breadcrumb","itemListElement":[{"@type":"ListItem","position":1,"name":"Accueil","item":"https:\/\/www.emiliepinelcaron.com\/"},{"@type":"ListItem","position":2,"name":"Mentions l\u00e9gales"}]},{"@type":"WebSite","@id":"https:\/\/www.emiliepinelcaron.com\/#website","url":"https:\/\/www.emiliepinelcaron.com\/","name":"Emilie Pinel Caron","description":"","publisher":{"@id":"https:\/\/www.emiliepinelcaron.com\/#organization"},"potentialAction":[{"@type":"SearchAction","target":{"@type":"EntryPoint","urlTemplate":"https:\/\/www.emiliepinelcaron.com\/?s={search_term_string}"},"query-input":{"@type":"PropertyValueSpecification","valueRequired":true,"valueName":"search_term_string"}}],"inLanguage":"fr-FR"},{"@type":"Organization","@id":"https:\/\/www.emiliepinelcaron.com\/#organization","name":"Emilie Pinel Caron","url":"https:\/\/www.emiliepinelcaron.com\/","logo":{"@type":"ImageObject","inLanguage":"fr-FR","@id":"https:\/\/www.emiliepinelcaron.com\/#\/schema\/logo\/image\/","url":"https:\/\/www.emiliepinelcaron.com\/wp-content\/uploads\/2026\/01\/Capture-decran-2026-01-14-a-14.31.41-e1768397624735.png","contentUrl":"https:\/\/www.emiliepinelcaron.com\/wp-content\/uploads\/2026\/01\/Capture-decran-2026-01-14-a-14.31.41-e1768397624735.png","width":1110,"height":422,"caption":"Emilie Pinel Caron"},"image":{"@id":"https:\/\/www.emiliepinelcaron.com\/#\/schema\/logo\/image\/"}}]}},"_links":{"self":[{"href":"https:\/\/www.emiliepinelcaron.com\/index.php\/wp-json\/wp\/v2\/pages\/3","targetHints":{"allow":["GET"]}}],"collection":[{"href":"https:\/\/www.emiliepinelcaron.com\/index.php\/wp-json\/wp\/v2\/pages"}],"about":[{"href":"https:\/\/www.emiliepinelcaron.com\/index.php\/wp-json\/wp\/v2\/types\/page"}],"author":[{"embeddable":true,"href":"https:\/\/www.emiliepinelcaron.com\/index.php\/wp-json\/wp\/v2\/users\/1"}],"replies":[{"embeddable":true,"href":"https:\/\/www.emiliepinelcaron.com\/index.php\/wp-json\/wp\/v2\/comments?post=3"}],"version-history":[{"count":2,"href":"https:\/\/www.emiliepinelcaron.com\/index.php\/wp-json\/wp\/v2\/pages\/3\/revisions"}],"predecessor-version":[{"id":151,"href":"https:\/\/www.emiliepinelcaron.com\/index.php\/wp-json\/wp\/v2\/pages\/3\/revisions\/151"}],"wp:attachment":[{"href":"https:\/\/www.emiliepinelcaron.com\/index.php\/wp-json\/wp\/v2\/media?parent=3"}],"curies":[{"name":"wp","href":"https:\/\/api.w.org\/{rel}","templated":true}]}}