{"id":229,"date":"2026-01-19T13:20:42","date_gmt":"2026-01-19T13:20:42","guid":{"rendered":"https:\/\/www.emiliepinelcaron.com\/?page_id=229"},"modified":"2026-01-26T16:46:20","modified_gmt":"2026-01-26T16:46:20","slug":"patiente-formatrice","status":"publish","type":"page","link":"https:\/\/www.emiliepinelcaron.com\/index.php\/patiente-formatrice\/","title":{"rendered":"Patiente formatrice au parcours en soins chroniques"},"content":{"rendered":"\n<p>Actuellement \u00e9tudiante \u00e0 l&rsquo;<a href=\"https:\/\/www.chu-bordeaux.fr\/Patient-proches\/Universit\u00e9-des-patients\/\" target=\"_blank\" rel=\"noreferrer noopener\">Universit\u00e9 de Bordeaux<\/a>, je pr\u00e9pare un dipl\u00f4me universitaire de patiente formatrice au parcours en soins chroniques. L&rsquo;objectif \u00e0 terme est de <strong>former les soignant.e.s et les \u00e9tudiant.e.s en sant\u00e9<\/strong> &#8211; m\u00e9decine, psychologie, pharmacie, infirmier.e &#8211; <strong>au v\u00e9cu exp\u00e9rientiel patient<\/strong>.<\/p>\n\n\n\n<h2 class=\"wp-block-heading has-text-align-center\">Devenir patiente experte, partenaire &amp; formatrice<\/h2>\n\n\n\n<div class=\"wp-block-group is-nowrap is-layout-flex wp-container-core-group-is-layout-ad2f72ca wp-block-group-is-layout-flex\">\n<p>Devenir patiente experte, partenaire et formatrice, c&rsquo;est non seulement donner du sens \u00e0 mon parcours, mais \u00e9galement contribuer \u00e0 un meilleur v\u00e9cu de la maladie. Que ce soit directement aupr\u00e8s des patient.e.s, ou des soignant.e.s d\u00e9j\u00e0 en exercice ou en formation, partager mon exp\u00e9rience et d\u00e9velopper l&rsquo;<strong>alliance th\u00e9rapeutique<\/strong>, c\u2019est participer \u00e0 une relation de soin plus humaine, empreinte d\u2019\u00e9coute, de confiance et de r\u00e9ciprocit\u00e9.<\/p>\n\n\n\n<figure class=\"wp-block-image size-large\"><img loading=\"lazy\" decoding=\"async\" width=\"768\" height=\"1024\" src=\"http:\/\/www.emiliepinelcaron.com\/wp-content\/uploads\/2026\/01\/IMG_6459-768x1024.jpg\" alt=\"\" class=\"wp-image-275\" srcset=\"https:\/\/www.emiliepinelcaron.com\/wp-content\/uploads\/2026\/01\/IMG_6459-768x1024.jpg 768w, https:\/\/www.emiliepinelcaron.com\/wp-content\/uploads\/2026\/01\/IMG_6459-225x300.jpg 225w, https:\/\/www.emiliepinelcaron.com\/wp-content\/uploads\/2026\/01\/IMG_6459-1152x1536.jpg 1152w, https:\/\/www.emiliepinelcaron.com\/wp-content\/uploads\/2026\/01\/IMG_6459-1536x2048.jpg 1536w, https:\/\/www.emiliepinelcaron.com\/wp-content\/uploads\/2026\/01\/IMG_6459-1200x1600.jpg 1200w, https:\/\/www.emiliepinelcaron.com\/wp-content\/uploads\/2026\/01\/IMG_6459-1980x2640.jpg 1980w, https:\/\/www.emiliepinelcaron.com\/wp-content\/uploads\/2026\/01\/IMG_6459-scaled.jpg 1920w\" sizes=\"auto, (max-width: 768px) 100vw, 768px\" \/><\/figure>\n<\/div>\n\n\n\n<p>L\u2019<strong>\u00e9ducation th\u00e9rapeutique du patient<\/strong> (ETP) me tient particuli\u00e8rement \u00e0 c\u0153ur, car elle permet de renforcer l\u2019autonomie, la compr\u00e9hension et les comp\u00e9tences n\u00e9cessaires pour que chacun devienne acteur de sa sant\u00e9.<\/p>\n\n\n\n<div class=\"wp-block-buttons is-content-justification-center is-layout-flex wp-container-core-buttons-is-layout-16018d1d wp-block-buttons-is-layout-flex\">\n<div class=\"wp-block-button\"><a class=\"wp-block-button__link has-text-align-center wp-element-button\" href=\"https:\/\/www.emiliepinelcaron.com\/index.php\/contact\/\">r\u00e9server une intervention<\/a><\/div>\n<\/div>\n\n\n\n<p class=\"has-text-align-left\">\u00ab\u00a0Les patient\u00b7es expert\u00b7es sont des personnes atteintes de maladies chroniques ou de pathologies invalidantes dont l\u2019exp\u00e9rience personnelle est consid\u00e9r\u00e9e comme une expertise par des institutions, associations ou collectifs. Elles peuvent \u00eatre sollicit\u00e9es par la recherche, dans la formation des soignant\u00b7es ou dans les prises en charge d\u2019autres patient\u00b7es. Cette l\u00e9gitimation du \u00ab&nbsp;savoir patient&nbsp;\u00bb, th\u00e9oris\u00e9 par la sociologue fran\u00e7aise Madeleine Akrich, a \u00e9t\u00e9 obtenue gr\u00e2ce aux luttes des malades, par exemple, pendant les ann\u00e9es&nbsp;1980 et 1990, au plus fort de l\u2019\u00e9pid\u00e9mie de VIH-sida.\u00a0\u00bb  <\/p>\n\n\n\n<p class=\"has-text-align-right\">Glossaire La D\u00e9ferlante<\/p>\n\n\n\n<div class=\"wp-block-group is-nowrap is-layout-flex wp-container-core-group-is-layout-ad2f72ca wp-block-group-is-layout-flex\">\n<p>Je fais partie de l&rsquo;association Des \u00e9toiles dans la mer et suis r\u00e9f\u00e9rente sur la Gironde. Nos actions visent \u00e0 financer la recherche m\u00e9dicale, soutenir les familles et sensibiliser le grand public sur le glioblastome, une tumeur c\u00e9r\u00e9brale agressive. <\/p>\n\n\n\n<figure class=\"wp-block-image size-full\"><a href=\"https:\/\/desetoilesdanslamer-vaincreleglioblastome.fr\" target=\"_blank\" rel=\" noreferrer noopener\"><img loading=\"lazy\" decoding=\"async\" width=\"200\" height=\"178\" src=\"http:\/\/www.emiliepinelcaron.com\/wp-content\/uploads\/2026\/01\/1.1_LOGO_DEDLM_BLEU_MARINEVERSION_COMPLETE-e1768895084397.png\" alt=\"\" class=\"wp-image-240\"\/><\/a><\/figure>\n<\/div>\n","protected":false},"excerpt":{"rendered":"<p>Actuellement \u00e9tudiante \u00e0 l&rsquo;Universit\u00e9 de Bordeaux, je pr\u00e9pare un dipl\u00f4me universitaire de patiente formatrice au parcours en soins chroniques. L&rsquo;objectif \u00e0 terme est de former les soignant.e.s et les \u00e9tudiant.e.s en sant\u00e9 &#8211; m\u00e9decine, psychologie, pharmacie, infirmier.e &#8211; au v\u00e9cu exp\u00e9rientiel patient. Devenir patiente experte, partenaire &amp; formatrice Devenir patiente experte, partenaire et formatrice, c&rsquo;est [&hellip;]<\/p>\n","protected":false},"author":1,"featured_media":0,"parent":0,"menu_order":0,"comment_status":"closed","ping_status":"closed","template":"templates\/template-full-width.php","meta":{"footnotes":""},"class_list":["post-229","page","type-page","status-publish","hentry"],"yoast_head":"<!-- This site is optimized with the Yoast SEO plugin v26.7 - https:\/\/yoast.com\/wordpress\/plugins\/seo\/ -->\n<title>Patiente formatrice au parcours en soins chroniques - Emilie Pinel Caron<\/title>\n<meta name=\"description\" content=\"Etudiante \u00e0 l&#039;Universit\u00e9 de Bordeaux en DU de patiente formatrice au parcours en soins chroniques pour former les \u00e9tudiants en sant\u00e9 au v\u00e9cu exp\u00e9rientiel patient\" \/>\n<meta name=\"robots\" content=\"index, follow, max-snippet:-1, max-image-preview:large, max-video-preview:-1\" \/>\n<link rel=\"canonical\" href=\"https:\/\/www.emiliepinelcaron.com\/index.php\/patiente-formatrice\/\" \/>\n<meta property=\"og:locale\" content=\"fr_FR\" \/>\n<meta property=\"og:type\" content=\"article\" \/>\n<meta property=\"og:title\" content=\"Patiente formatrice au parcours en soins chroniques - Emilie Pinel Caron\" \/>\n<meta property=\"og:description\" content=\"Etudiante \u00e0 l&#039;Universit\u00e9 de Bordeaux en DU de patiente formatrice au parcours en soins chroniques pour former les \u00e9tudiants en sant\u00e9 au v\u00e9cu exp\u00e9rientiel patient\" \/>\n<meta property=\"og:url\" content=\"https:\/\/www.emiliepinelcaron.com\/index.php\/patiente-formatrice\/\" \/>\n<meta property=\"og:site_name\" content=\"Emilie Pinel Caron\" \/>\n<meta property=\"article:modified_time\" content=\"2026-01-26T16:46:20+00:00\" \/>\n<meta property=\"og:image\" content=\"http:\/\/www.emiliepinelcaron.com\/wp-content\/uploads\/2026\/01\/IMG_6459-768x1024.jpg\" \/>\n<meta name=\"twitter:card\" content=\"summary_large_image\" \/>\n<meta name=\"twitter:label1\" content=\"Dur\u00e9e de lecture estim\u00e9e\" \/>\n\t<meta name=\"twitter:data1\" content=\"2 minutes\" \/>\n<script type=\"application\/ld+json\" class=\"yoast-schema-graph\">{\"@context\":\"https:\/\/schema.org\",\"@graph\":[{\"@type\":\"WebPage\",\"@id\":\"https:\/\/www.emiliepinelcaron.com\/index.php\/patiente-formatrice\/\",\"url\":\"https:\/\/www.emiliepinelcaron.com\/index.php\/patiente-formatrice\/\",\"name\":\"Patiente formatrice au parcours en soins chroniques - Emilie Pinel Caron\",\"isPartOf\":{\"@id\":\"https:\/\/www.emiliepinelcaron.com\/#website\"},\"primaryImageOfPage\":{\"@id\":\"https:\/\/www.emiliepinelcaron.com\/index.php\/patiente-formatrice\/#primaryimage\"},\"image\":{\"@id\":\"https:\/\/www.emiliepinelcaron.com\/index.php\/patiente-formatrice\/#primaryimage\"},\"thumbnailUrl\":\"http:\/\/www.emiliepinelcaron.com\/wp-content\/uploads\/2026\/01\/IMG_6459-768x1024.jpg\",\"datePublished\":\"2026-01-19T13:20:42+00:00\",\"dateModified\":\"2026-01-26T16:46:20+00:00\",\"description\":\"Etudiante \u00e0 l'Universit\u00e9 de Bordeaux en DU de patiente formatrice au parcours en soins chroniques pour former les \u00e9tudiants en sant\u00e9 au v\u00e9cu exp\u00e9rientiel patient\",\"breadcrumb\":{\"@id\":\"https:\/\/www.emiliepinelcaron.com\/index.php\/patiente-formatrice\/#breadcrumb\"},\"inLanguage\":\"fr-FR\",\"potentialAction\":[{\"@type\":\"ReadAction\",\"target\":[\"https:\/\/www.emiliepinelcaron.com\/index.php\/patiente-formatrice\/\"]}]},{\"@type\":\"ImageObject\",\"inLanguage\":\"fr-FR\",\"@id\":\"https:\/\/www.emiliepinelcaron.com\/index.php\/patiente-formatrice\/#primaryimage\",\"url\":\"https:\/\/www.emiliepinelcaron.com\/wp-content\/uploads\/2026\/01\/IMG_6459-scaled.jpg\",\"contentUrl\":\"https:\/\/www.emiliepinelcaron.com\/wp-content\/uploads\/2026\/01\/IMG_6459-scaled.jpg\",\"width\":1920,\"height\":2560},{\"@type\":\"BreadcrumbList\",\"@id\":\"https:\/\/www.emiliepinelcaron.com\/index.php\/patiente-formatrice\/#breadcrumb\",\"itemListElement\":[{\"@type\":\"ListItem\",\"position\":1,\"name\":\"Accueil\",\"item\":\"https:\/\/www.emiliepinelcaron.com\/\"},{\"@type\":\"ListItem\",\"position\":2,\"name\":\"Patiente formatrice au parcours en soins chroniques\"}]},{\"@type\":\"WebSite\",\"@id\":\"https:\/\/www.emiliepinelcaron.com\/#website\",\"url\":\"https:\/\/www.emiliepinelcaron.com\/\",\"name\":\"Emilie Pinel Caron\",\"description\":\"\",\"publisher\":{\"@id\":\"https:\/\/www.emiliepinelcaron.com\/#organization\"},\"potentialAction\":[{\"@type\":\"SearchAction\",\"target\":{\"@type\":\"EntryPoint\",\"urlTemplate\":\"https:\/\/www.emiliepinelcaron.com\/?s={search_term_string}\"},\"query-input\":{\"@type\":\"PropertyValueSpecification\",\"valueRequired\":true,\"valueName\":\"search_term_string\"}}],\"inLanguage\":\"fr-FR\"},{\"@type\":\"Organization\",\"@id\":\"https:\/\/www.emiliepinelcaron.com\/#organization\",\"name\":\"Emilie Pinel Caron\",\"url\":\"https:\/\/www.emiliepinelcaron.com\/\",\"logo\":{\"@type\":\"ImageObject\",\"inLanguage\":\"fr-FR\",\"@id\":\"https:\/\/www.emiliepinelcaron.com\/#\/schema\/logo\/image\/\",\"url\":\"https:\/\/www.emiliepinelcaron.com\/wp-content\/uploads\/2026\/01\/Capture-decran-2026-01-14-a-14.31.41-e1768397624735.png\",\"contentUrl\":\"https:\/\/www.emiliepinelcaron.com\/wp-content\/uploads\/2026\/01\/Capture-decran-2026-01-14-a-14.31.41-e1768397624735.png\",\"width\":1110,\"height\":422,\"caption\":\"Emilie Pinel Caron\"},\"image\":{\"@id\":\"https:\/\/www.emiliepinelcaron.com\/#\/schema\/logo\/image\/\"}}]}<\/script>\n<!-- \/ Yoast SEO plugin. -->","yoast_head_json":{"title":"Patiente formatrice au parcours en soins chroniques - Emilie Pinel Caron","description":"Etudiante \u00e0 l'Universit\u00e9 de Bordeaux en DU de patiente formatrice au parcours en soins chroniques pour former les \u00e9tudiants en sant\u00e9 au v\u00e9cu exp\u00e9rientiel patient","robots":{"index":"index","follow":"follow","max-snippet":"max-snippet:-1","max-image-preview":"max-image-preview:large","max-video-preview":"max-video-preview:-1"},"canonical":"https:\/\/www.emiliepinelcaron.com\/index.php\/patiente-formatrice\/","og_locale":"fr_FR","og_type":"article","og_title":"Patiente formatrice au parcours en soins chroniques - Emilie Pinel Caron","og_description":"Etudiante \u00e0 l'Universit\u00e9 de Bordeaux en DU de patiente formatrice au parcours en soins chroniques pour former les \u00e9tudiants en sant\u00e9 au v\u00e9cu exp\u00e9rientiel patient","og_url":"https:\/\/www.emiliepinelcaron.com\/index.php\/patiente-formatrice\/","og_site_name":"Emilie Pinel Caron","article_modified_time":"2026-01-26T16:46:20+00:00","og_image":[{"url":"http:\/\/www.emiliepinelcaron.com\/wp-content\/uploads\/2026\/01\/IMG_6459-768x1024.jpg","type":"","width":"","height":""}],"twitter_card":"summary_large_image","twitter_misc":{"Dur\u00e9e de lecture estim\u00e9e":"2 minutes"},"schema":{"@context":"https:\/\/schema.org","@graph":[{"@type":"WebPage","@id":"https:\/\/www.emiliepinelcaron.com\/index.php\/patiente-formatrice\/","url":"https:\/\/www.emiliepinelcaron.com\/index.php\/patiente-formatrice\/","name":"Patiente formatrice au parcours en soins chroniques - Emilie Pinel Caron","isPartOf":{"@id":"https:\/\/www.emiliepinelcaron.com\/#website"},"primaryImageOfPage":{"@id":"https:\/\/www.emiliepinelcaron.com\/index.php\/patiente-formatrice\/#primaryimage"},"image":{"@id":"https:\/\/www.emiliepinelcaron.com\/index.php\/patiente-formatrice\/#primaryimage"},"thumbnailUrl":"http:\/\/www.emiliepinelcaron.com\/wp-content\/uploads\/2026\/01\/IMG_6459-768x1024.jpg","datePublished":"2026-01-19T13:20:42+00:00","dateModified":"2026-01-26T16:46:20+00:00","description":"Etudiante \u00e0 l'Universit\u00e9 de Bordeaux en DU de patiente formatrice au parcours en soins chroniques pour former les \u00e9tudiants en sant\u00e9 au v\u00e9cu exp\u00e9rientiel patient","breadcrumb":{"@id":"https:\/\/www.emiliepinelcaron.com\/index.php\/patiente-formatrice\/#breadcrumb"},"inLanguage":"fr-FR","potentialAction":[{"@type":"ReadAction","target":["https:\/\/www.emiliepinelcaron.com\/index.php\/patiente-formatrice\/"]}]},{"@type":"ImageObject","inLanguage":"fr-FR","@id":"https:\/\/www.emiliepinelcaron.com\/index.php\/patiente-formatrice\/#primaryimage","url":"https:\/\/www.emiliepinelcaron.com\/wp-content\/uploads\/2026\/01\/IMG_6459-scaled.jpg","contentUrl":"https:\/\/www.emiliepinelcaron.com\/wp-content\/uploads\/2026\/01\/IMG_6459-scaled.jpg","width":1920,"height":2560},{"@type":"BreadcrumbList","@id":"https:\/\/www.emiliepinelcaron.com\/index.php\/patiente-formatrice\/#breadcrumb","itemListElement":[{"@type":"ListItem","position":1,"name":"Accueil","item":"https:\/\/www.emiliepinelcaron.com\/"},{"@type":"ListItem","position":2,"name":"Patiente formatrice au parcours en soins chroniques"}]},{"@type":"WebSite","@id":"https:\/\/www.emiliepinelcaron.com\/#website","url":"https:\/\/www.emiliepinelcaron.com\/","name":"Emilie Pinel Caron","description":"","publisher":{"@id":"https:\/\/www.emiliepinelcaron.com\/#organization"},"potentialAction":[{"@type":"SearchAction","target":{"@type":"EntryPoint","urlTemplate":"https:\/\/www.emiliepinelcaron.com\/?s={search_term_string}"},"query-input":{"@type":"PropertyValueSpecification","valueRequired":true,"valueName":"search_term_string"}}],"inLanguage":"fr-FR"},{"@type":"Organization","@id":"https:\/\/www.emiliepinelcaron.com\/#organization","name":"Emilie Pinel Caron","url":"https:\/\/www.emiliepinelcaron.com\/","logo":{"@type":"ImageObject","inLanguage":"fr-FR","@id":"https:\/\/www.emiliepinelcaron.com\/#\/schema\/logo\/image\/","url":"https:\/\/www.emiliepinelcaron.com\/wp-content\/uploads\/2026\/01\/Capture-decran-2026-01-14-a-14.31.41-e1768397624735.png","contentUrl":"https:\/\/www.emiliepinelcaron.com\/wp-content\/uploads\/2026\/01\/Capture-decran-2026-01-14-a-14.31.41-e1768397624735.png","width":1110,"height":422,"caption":"Emilie Pinel Caron"},"image":{"@id":"https:\/\/www.emiliepinelcaron.com\/#\/schema\/logo\/image\/"}}]}},"_links":{"self":[{"href":"https:\/\/www.emiliepinelcaron.com\/index.php\/wp-json\/wp\/v2\/pages\/229","targetHints":{"allow":["GET"]}}],"collection":[{"href":"https:\/\/www.emiliepinelcaron.com\/index.php\/wp-json\/wp\/v2\/pages"}],"about":[{"href":"https:\/\/www.emiliepinelcaron.com\/index.php\/wp-json\/wp\/v2\/types\/page"}],"author":[{"embeddable":true,"href":"https:\/\/www.emiliepinelcaron.com\/index.php\/wp-json\/wp\/v2\/users\/1"}],"replies":[{"embeddable":true,"href":"https:\/\/www.emiliepinelcaron.com\/index.php\/wp-json\/wp\/v2\/comments?post=229"}],"version-history":[{"count":7,"href":"https:\/\/www.emiliepinelcaron.com\/index.php\/wp-json\/wp\/v2\/pages\/229\/revisions"}],"predecessor-version":[{"id":280,"href":"https:\/\/www.emiliepinelcaron.com\/index.php\/wp-json\/wp\/v2\/pages\/229\/revisions\/280"}],"wp:attachment":[{"href":"https:\/\/www.emiliepinelcaron.com\/index.php\/wp-json\/wp\/v2\/media?parent=229"}],"curies":[{"name":"wp","href":"https:\/\/api.w.org\/{rel}","templated":true}]}}